+ (-13)/(-2) + -6 composite?
False
Let r(x) = 2954*x - 3. Is r(1) a prime number?
False
Let r = -7 - -11. Let p(l) = -l + 3*l + 1 - r*l + 3*l. Is p(3) a composite number?
True
Suppose 12*k - 10*k - 1358 = 0. Is k prime?
False
Let w = 4 + -9. Let l(y) = -10*y. Let p be l(w). Let t = p + -31. Is t prime?
True
Let j(n) = n**3 - 6*n**2 + 5*n. Let r be j(5). Let m(f) = -f**3 + 5*f**2 - 3*f + 2. Let s be m(2). Suppose r = y - 41 + s. Is y composite?
True
Suppose -49 = k - 0*k. Let j = k + 126. Is j a prime number?
False
Suppose 3 = 2*o + 2*b - 1, 4*o - b = -2. Is -4 - -135 - (o - -4) prime?
True
Is 0 + 1 + -1 + 335 prime?
False
Let x = -102 - -356. Is x a composite number?
True
Let m be (2 - 2)*(-1)/2. Suppose 31 = 5*i + 6. Suppose -77 = -q + d - 32, -i*q + 4*d + 227 = m. Is q composite?
False
Suppose -76 = -2*p + 14. Suppose -2*v - 133 = 5*v. Let z = p + v. Is z a composite number?
True
Let g = -26 - -16. Let o be (-15)/g*(7 + -1). Let w(l) = -l**3 + 10*l**2 - 8*l + 5. Is w(o) a prime number?
False
Suppose 0 = 5*a - 10, -4*f + 3761 = f + 3*a. Is f a composite number?
False
Let x = 901 - 455. Suppose 10*f - x = 8*f. Is f a prime number?
True
Let f(h) = -3*h**3 + 4*h**2 + 3*h - 6. Let s be f(4). Let q = -64 - s. Suppose -4*w + 2*m + q = 0, 3*w = w + 4*m + 38. Is w composite?
False
Suppose 0 = -3*s + 3*r, -3*s + 4*r - 5*r + 16 = 0. Suppose -20 = s*z, -84 - 171 = -5*d + 2*z. Is d a prime number?
False
Let h(g) = -38*g - 23. Is h(-11) a prime number?
False
Let n = -7 - -7. Suppose -245 = -5*z + 3*v, n*v - 215 = -5*z - 3*v. Is z prime?
False
Suppose 4*p + 3*r - 11 = 0, p + 3*r = -4*p + 13. Suppose 0 = -2*y - 5*o - 334, -291 = p*y + 2*o + 31. Let d = -102 - y. Is d a composite number?
True
Suppose -u + 5 = -0. Suppose -3*j = -2*i - 6*j + 151, i - u*j = 82. Is i composite?
True
Let t = 52 + 61. Is t a prime number?
True
Let j(c) = c**3 - 1. Suppose 3*z = -2*g - 4, 0 = g - 2*z + 4 - 16. Let a(x) = -5*x**3 - 10*x**2 - 12*x + 10. Let r(k) = g*j(k) + a(k). Is r(-9) composite?
True
Let i = -7 + 7. Let o = 205 + i. Is o a prime number?
False
Let p(b) = -b**2 - 4*b + 5. Let z be p(-4). Suppose -4*f + z*f = 13. Is f a composite number?
False
Let m = -15 + 60. Suppose z - 139 = -5*d, 4*z - 2*z - 2*d = 242. Let g = z - m. Is g composite?
False
Suppose f - 508 = -3*f. Is f a prime number?
True
Let f(g) = -g + 1. Let h be f(-2). Let b = h - 1. Suppose -n = 3*n - v - 448, b*n + v - 230 = 0. Is n prime?
True
Let j be -3 + (-3 - -26) + 2. Let z = -1 - -4. Let w = j - z. Is w a composite number?
False
Let r = 0 - -3. Is -3*(33/r)/(-1) a prime number?
False
Is -3 - -2 - (-145 + -1) prime?
False
Suppose -2162 = -4*v - 3*d, -1584 = -2*v - 5*d - 510. Is v a composite number?
True
Suppose 4*z = -4*g - z - 2, 8 = 2*g - 2*z. Let l be (4 + g)*2/3. Suppose 195 = -4*k + 7*k - 2*t, 0 = k - l*t - 65. Is k composite?
True
Suppose 0 = 8*k - 481 - 87. Is k a prime number?
True
Suppose 0 = t + p - 1582, 3*p = -5 + 2. Is t a prime number?
True
Let o(g) = g + 4. Let i be (-28)/7 - (1 + -3). Let r be o(i). Is 1 - (4 - r) - -38 a composite number?
False
Suppose -2*b - 2*c = -3*c - 28, 2*b + 3*c - 28 = 0. Is b composite?
True
Let w = 2050 - 77. Is w prime?
True
Let k(u) = -2*u**3 - 3*u**2 + 6*u + 3. Is k(-4) a prime number?
True
Suppose p - 151 = 3*m, -3*p - p - 3*m + 574 = 0. Is p composite?
True
Let u be ((-2)/4)/(6/(-12)). Is (246/18)/(u/15) composite?
True
Suppose -209 - 971 = -4*f. Is f a composite number?
True
Suppose -4*u - 16 = 0, -b - 3*b - 4*u + 3012 = 0. Is b a prime number?
True
Let f be (-4)/(-10) - 5747/5. Is f/(-33) + 4/22 composite?
True
Let x = -7 - -10. Let y = -140 + 299. Suppose x*k + 0*k = y. Is k a prime number?
True
Suppose 0*u - u + 14 = 0. Let m be (16/(-7) - -2)*-259. Suppose u + m = 4*i. Is i prime?
False
Let d(p) be the third derivative of p**5/30 + p**4/3 - 7*p**3/6 + p**2. Is d(-8) a prime number?
False
Let o(k) = 52*k - 3. Let g be o(2). Let r be 1*((1 - 0) + 166). Suppose -g = -4*l + r. Is l a composite number?
False
Let b = 8 - -1. Suppose 2*a + 7 = -b. Is (-2)/a - (-2092)/16 a composite number?
False
Let j = 14 + -5. Is j prime?
False
Suppose 15 = 8*b - 3*b. Suppose 17 = b*l - 10. Is l prime?
False
Let p(l) be the third derivative of -l**6/30 - l**5/12 - 7*l**4/24 - l**3/6 - 3*l**2. Is p(-5) prime?
True
Suppose 3*o - 3775 = -2*o. Is o prime?
False
Is 6601 + 9/((-18)/4) composite?
False
Suppose -2*o = -5*j + 2*j + 10, -4*o + 24 = 5*j. Is (o*31)/(5/5) a prime number?
True
Let k be 18/22 + (-8)/(-44). Is -55*((-1 - 1) + k) composite?
True
Let s(p) be the third derivative of p**5/60 + 23*p**3/2 + 4*p**2. Is s(0) composite?
True
Let l(w) = 3*w**2 + 6*w - 5. Let d be l(6). Suppose 3*v - d = 152. Is v composite?
False
Is ((-2127)/(-15))/((-1)/(-5)) a composite number?
False
Let k(c) = c**2 + 1. Let i be ((-2)/(-4))/((-2)/8). Let j = i - -5. Is k(j) a prime number?
False
Let a(d) = 102*d**3 - d. Let h be a(-1). Let s = h + 178. Is s a prime number?
False
Suppose 5*r + z - 49 = 1, -5*r + 50 = -3*z. Let g = r - 0. Is g prime?
False
Let m(r) = -r**3 - 4*r**2 - 4*r + 4. Let u be m(-4). Suppose 8*t + u = 3*t. Let b(w) = -32*w + 5. Is b(t) a prime number?
False
Suppose 1360 = -l + 367. Let p = -358 - l. Is p a prime number?
False
Let w(k) = -k**3 - 4*k**2 - 2*k + 2. Is w(-5) prime?
True
Suppose 0 = -2*v + 2367 + 1411. Is v prime?
True
Is (1 + -3 - -4) + 1099 prime?
False
Let r = 0 - -2. Suppose -3*w = r*w - 15. Is w a composite number?
False
Let i = -1155 + 1764. Suppose q - i = -2*q. Is q prime?
False
Let i = 5551 - 3044. Is i a prime number?
False
Suppose 2*t + 14 = -0*t. Let q(f) = -236*f + 3. Is q(t) a prime number?
False
Suppose -2*z - 2*g - 5 + 3 = 0, -z - 3*g = 5. Suppose 2*m - z = 3. Is ((-3)/3)/(m/(-226)) composite?
False
Is 2/((-5964)/27081 + 10/45) a composite number?
True
Suppose -2*u - 35 = -7*u. Let i = u - 3. Suppose -i*g - g = -175. Is g a composite number?
True
Let y(m) = -7*m**3 + 7*m**2 - 3*m - 3. Let u be y(-5). Let b = -524 + u. Is b a composite number?
True
Let c(a) = -14*a + 1. Let m be c(-6). Suppose u = -5*p + 444, 4*p - m = 3*p - 4*u. Is p prime?
True
Suppose 4*l = v - 67, -v + 2*l + 48 = -29. Is v prime?
False
Let a(m) = -m**2 - 3*m - 2. Let i be a(-3). Let h = 0 - i. Let l(v) = 8*v - 3. Is l(h) composite?
False
Suppose 5*n = -0*n. Let k(c) = -c + 5. Let z be k(n). Suppose 4*o - 4*r = 212, -3*o + 0*r + 127 = z*r. Is o a prime number?
False
Let h(u) = -u**3 - 5*u**2 + 5*u - 6. Suppose 2*s - 5*q + 32 = 0, -3*q - q = 5*s + 14. Let g be h(s). Is 60/4 - (0 + g) prime?
False
Let a = -323 + 732. Is a composite?
False
Suppose 465 = 12*j - 9*j. Is j prime?
False
Suppose 2*k = k + 8. Suppose 5*l - 156 = k*l. Let d = 81 - l. Is d a composite number?
True
Suppose 4*n - 164 = -4*x, -4*n + 5*n = x + 51. Is n composite?
True
Suppose 3*x + 5*o = -0*x + 15, -5 = -x + 2*o. Let h be 1 + 0 - (-1)/1. Suppose 0 = -v - l + 197, -x*v = l + h*l - 989. Is v composite?
False
Suppose -2*q + 469 = -q. Is q a prime number?
False
Is (-4)/(-10) + (-36)/40*-34 composite?
False
Let d = 3 + 1. Suppose 2*z + 74 = d*z. Is z a prime number?
True
Suppose z = -3*f + 2, 2*z - 6*z + 22 = -2*f. Is (-3)/(-15) - (-444)/z a composite number?
False
Suppose -l = 4*l - 1495. Is l prime?
False
Let h be 1 + -112 + (1 - -1). Let k = 55 - h. Suppose -2*b + k = 4*f, 0*f + 5*b + 136 = 4*f. Is f a composite number?
True
Let z(w) = -2*w - 1. Suppose 3*y - 12 = y - b, 0 = y - 5*b + 5. Let m(l) = l**3 - 5*l**2 - 6. Let t be m(y). Is z(t) a composite number?
False
Suppose 7*h = 2*h + 1525. Is h composite?
True
Let n(o) = o**3 - 2*o**2 + 2*o - 2. Let g(m) = -m + 8. Let b be g(6). Let z be n(b). Suppose 4*f = -t + 27, -z*t + t + 13 = -3*f. Is t a prime number?
True
Suppose 4*t = -x + 241, 4*t = -3*x + 102 + 613. Is x prime?
False
Suppose 0 = 2*o + 4184 + 182. Let y = -1504 - o. Is y composite?
True
Let d = 15 - -194. Is d a composite number?
True
Let c(b) = 90*b**3 + 2*b**2 - b. Is c(1) a prime number?
False
Suppose 0 = -3*y + 5*v - 2, -2*v = -2*y - 4*v - 28. Let b(q) = 11*q. Let o be b(y). Let j = 154 + o. Is j composite?
True
Let t(w) = 14*w - 9. Is t(4) prime?
True
Suppose 2*h = -2*h + 108. Suppose 23*i = h*i - 1524. Is i a prime number?
False
Let p(d) = -4*d**2 + 7*d. Let t(w) = -w**3 + w**2 - w. L